t is -11201 - -3?
-11154
In base 9, what is -2 + -3643?
-3645
In base 14, what is 7 - -6d?
76
In base 2, what is 10001101 - -10001?
10011110
In base 5, what is -410 + -3?
-413
In base 13, what is 5 + 20?
25
In base 13, what is 31 - 1?
30
In base 13, what is 3 + -1792?
-178c
In base 9, what is -70 - 4?
-74
In base 3, what is 1102201 + -11?
1102120
In base 5, what is 2001 + 4?
2010
In base 16, what is -1dae + 0?
-1dae
In base 10, what is 20 - 17?
3
In base 3, what is 21200102 + -10?
21200022
In base 14, what is 2 + 51?
53
In base 5, what is -1111 - 4?
-1120
In base 9, what is 21627 - -5?
21633
In base 3, what is -12 - -1000210?
1000121
In base 8, what is 1 + -731?
-730
In base 9, what is 141 - 43?
87
In base 7, what is -3 - 462?
-465
In base 9, what is 0 - -1875?
1875
In base 16, what is 1 - -4b4?
4b5
In base 10, what is 108 + -4?
104
In base 16, what is 2 + -621?
-61f
In base 2, what is -1 + 1111111000?
1111110111
In base 14, what is -10b + -2?
-10d
In base 14, what is 10 + d?
1d
In base 2, what is -11 + 11011?
11000
In base 16, what is -1bc4 + 4?
-1bc0
In base 7, what is 406 + -101?
305
In base 9, what is 5664 - 3?
5661
In base 4, what is 233301 - -3?
233310
In base 4, what is 10 + 21?
31
In base 9, what is -373 - -5?
-367
In base 15, what is -2d5 + 3?
-2d2
In base 12, what is 3 - 118?
-115
In base 13, what is -2 + -49?
-4b
In base 2, what is 11001111 + 11011?
11101010
In base 11, what is 103 + 29?
131
In base 11, what is a7 - -8?
104
In base 9, what is 35 + -360?
-324
In base 14, what is -b6 - 79?
-151
In base 2, what is 11000110111 + -100?
11000110011
In base 4, what is -110 - -12?
-32
In base 8, what is -10 - 0?
-10
In base 7, what is 6 - 325?
-316
In base 10, what is -1 + 0?
-1
In base 16, what is -bf + -c?
-cb
In base 7, what is -253 + -2?
-255
In base 7, what is -53 + 245?
162
In base 3, what is -210112 - -11?
-210101
In base 12, what is -16 + a?
-8
In base 7, what is 33 + -46?
-13
In base 12, what is 1024a + 1?
1024b
In base 11, what is 221 + -5?
217
In base 5, what is 133 + -2?
131
In base 11, what is -451 + 2?
-44a
In base 4, what is 203 - 31?
112
In base 8, what is 32 - -543?
575
In base 14, what is -57 - -5?
-52
In base 13, what is -5ca + -c?
-609
In base 4, what is -3 + -11100?
-11103
In base 12, what is 25 + 15?
3a
In base 3, what is -22 + -121210?
-122002
In base 2, what is -100100010 - -100?
-100011110
In base 3, what is 1011122 + 12?
1011211
In base 12, what is -b + 37?
28
In base 11, what is -10 - -99?
89
In base 14, what is 23 + a?
2d
In base 4, what is 0 - 30?
-30
In base 12, what is -835 + 6?
-82b
In base 9, what is -1561 - -4?
-1556
In base 5, what is -20 - 1121?
-1141
In base 16, what is -e - -14b?
13d
In base 2, what is -1 - -10000?
1111
In base 3, what is 120 - 10?
110
In base 11, what is 2 - -18?
1a
In base 3, what is -2 + -2012121?
-2012200
In base 12, what is -46 - -1?
-45
In base 7, what is -1 + -21?
-22
In base 4, what is -112 - 1020?
-1132
In base 8, what is 2 - -415?
417
In base 14, what is 3 + 121?
124
In base 13, what is -194 - -4?
-190
In base 11, what is 36 + -1?
35
In base 7, what is 3 - -243?
246
In base 6, what is -2 + 225?
223
In base 8, what is 24364 - -1?
24365
In base 9, what is -5 - -70?
64
In base 8, what is 2 + -372?
-370
In base 6, what is 22 - 43?
-21
In base 4, what is 21332 - 0?
21332
In base 7, what is -34 + -1?
-35
In base 15, what is 81 - 17?
69
In base 6, what is -3 + 130?
123
In base 8, what is -2454 - -6?
-2446
In base 15, what is 618 + -5?
613
In base 14, what is -5 + -24?
-29
In base 9, what is 0 - 2252?
-2252
In base 3, what is 111021 - -11?
111102
In base 13, what is -3 + -7a2?
-7a5
In base 6, what is 31 + -5?
22
In base 11, what is 2 - -1046?
1048
In base 8, what is 0 - -5027?
5027
In base 13, what is 68 - b0?
-45
In base 2, what is 11 + 1101100101?
1101101000
In base 8, what is -16 + 36?
20
In base 5, what is -10 - 102?
-112
In base 5, what is 441 + -31?
410
In base 8, what is -141 + 4?
-135
In base 16, what is -4 + -c?
-10
In base 3, what is -11002 + 1200?
-2102
In base 11, what is -5 + 24?
1a
In base 7, what is 22 + 13?
35
In base 7, what is 4 - -342?
346
In base 16, what is -2 - -1f9?
1f7
In base 11, what is 2249 - 1?
2248
In base 15, what is 214 - -2?
216
In base 4, what is -1 + 1030?
1023
In base 4, what is 13211 - -11?
13222
In base 6, what is -12 - -112?
100
In base 10, what is 48 + 14?
62
In base 16, what is c - -c?
18
In base 13, what is 7 - 9?
-2
In base 16, what is -321 - 4?
-325
In base 14, what is 15 + -1d?
-8
In base 8, what is 14 + 1316?
1332
In base 15, what is -a94 - 5?
-a99
In base 7, what is -2422 - 0?
-2422
In base 10, what is -74 - -56?
-18
In base 11, what is 4aa - -1?
500
In base 10, what is 609 + 3?
612
In base 12, what is 2 - -22?
24
In base 16, what is -10 - -16?
6
In base 15, what is 2 + -e?
-c
In base 16, what is -d - -43?
36
In base 10, what is 904 - -22?
926
In base 15, what is -2 - 19?
-1b
In base 7, what is -16335 + 4?
-16331
In base 5, what is 44233 + -10?
44223
In base 8, what is -756 + 1?
-755
In base 5, what is -3 + 22?
14
In base 8, what is -4 - 17355?
-17361
In base 11, what is 4 - 19a?
-196
In base 10, what is 5 + 51?
56
In base 2, what is 1001011100 - -101?
1001100001
In base 6, what is 1 + 130?
131
In base 2, what is -10 - -1100?
1010
In base 2, what is -11 - 101110?
-110001
In base 11, what is -261 + 7?
-255
In base 5, what is -10 + 11?
1
In base 2, what is -10011101 + 10001?
-10001100
In base 9, what is -84 + 11?
-73
In base 14, what is 21d - 3?
21a
In base 11, what is a4 + -5?
9a
In base 11, what is -1 + -241?
-242
In base 7, what is -5 + -16645?
-16653
In base 16, what is 4f - -4?
53
In base 2, what is 10010110100101 - -11?
10010110101000
In base 11, what is -51 + -3?
-54
In base 10, what is 269 + -3?
266
In base 8, what is 30101 + 0?
30101
In base 5, what is -3 - -122341?
122333
In base 5, what is -3 + 14?
11
In base 2, what is 1111111 + 100?
10000011
In base 3, what is -200 + 212?
12
In base 2, what is -1001 - -1010101?
1001100
In base 13, what is -2 - 40?
-42
In base 14, what is -3 - 6?
-9
In base 7, what is 4 - -5213?
5220
In base 8, what is -224 + 0?
-224
In base 4, what is 21101 - -3?
21110
In base 14, what is 1 + -14?
-13
In base 9, what is 0 - 1475?
-1475
In base 7, what is -242 + 5?
-234
In base 8, what is 41 - -240?
301
In base 14, what is a1 - 2b?
74
In base 11, what is -13 + 133?
120
In base 9, what is 2 - 66?
-64
In base 3, what is -1112100 - -11?
-1112012
In base 2, what is -1001 - 100110?
-101111
In base 10, what is -4 + -296?
-300
In base 3, what is 2201022 + -12?
2201010
In base 7, what is 626 + -2?
624
In base 11, what is 174 - 5?
16a
In base 13, what is -23 + ca?
a7
In base 5, what is 11 - -203?
214
In base 6, what is 222 - -1?
223
In base 6, what is 31 - -10?
41
In base 2, what is -1001000 - -1000?
-1000000
In base 9, what is -4 - -538?
534
In base 11, what is 5 + 5a8?
602
In base 7, what is -2 - -34?
32
In base 12, what is 0 + -8?
-8
In base 6, what is -2 - 2122?
-2124
In base 12, what is -3a9 - -3?
-3a6
In base 10, what is -7 + -197?
-204
In base 13, what is -5 + 14?
c
In base 8, what is -2 - -3763?
3761
In base 3, what is 120200 - 0?
120200
In base 8, what is 3 + -3274?
-3271
In base 8, what is 5371 + 5?
5376
In base 7, what is 20 - -36?
56
In base 6, what is -122 + 0?
-122
In base 5, what is -2 + 104002?
104000
In base 15, what is 2 + 55?
57
In base 12, what is 1b + a?
29
In base 12, what is 1033 - -2?
1035
In base 10, what is 4 + -1336?
-1332
In base 4, what is -202 + 22233?
22031
In base 7, what is -5 + -13015?
-13023
In base 3, what is -101110011 + 10?
-101110001
In base 4, what is -3 - 1012111?
-1012120
In base 5, what is -221 + 3?
-213
In base 13, what is 165 + -2?
163
In base 6, what is 4 + 15230?
15234
In base 5, what is 1 + 4314?
4320
In base 16, what is 4 + -288?
-284
In base 10, what is -29 + -140?
-169
In base 16, what is 3 + -8?
-5
In base 11, what is 1 + 638?
639
In base 11, what is 3aa + -13?
397
In base 11, what is -20888 - 3?
-20890
In base 11, what is -5 - -183?
179
In base 10, what is 2 + -772?
-770
In base 9, what is 5 + -582?
-576
In base 6, what is 13000 + 1?
13001
In base 15, what is 339 + 3?
33c
In base 13, what is 4 - 61?
-5a
In base 8, what is -2 + -263?
-265
In base 2, what is 100101 +